i?
4
Let f = 6 + -5. Let d be f/((-112)/(-37) - 3). Suppose -2*p - 2*g + 26 = 0, d = 2*p + g + 14. What is the units digit of p?
0
Let h = 3 - 3. Suppose 4*k = 2*k. Suppose k*j - 2*j + 4 = h. What is the units digit of j?
2
Let s(u) = -2*u - 6. Let m(r) = -r - 1. Let f be m(4). Let j be s(f). Suppose -4*p + 4*l = -28, -p + j*l + 19 = 2*p. What is the units digit of p?
9
Let v be (12/15)/((-6)/(-15)). Suppose -15 = -v*d + 19. What is the units digit of d?
7
Suppose -17 = -3*j + 22. Suppose z + 27 = 4*z. Let p = j - z. What is the units digit of p?
4
Let c be 9/6 - (-22)/(-4). What is the units digit of (1 - 0)/((-1)/c)?
4
Let a be (-31 - 1)/(-1 + 0). Suppose f + a = 3*f. What is the tens digit of f?
1
Let j = 10 + -8. What is the units digit of (j/(-2))/(-11 - -10)?
1
Let h(k) = 6 + 4 + k**2 - 6 - 3*k. What is the units digit of h(5)?
4
What is the hundreds digit of (0 + 270/7)/((-7)/(-49))?
2
Let p = -82 + 198. What is the tens digit of p?
1
Suppose 4*w - 14 = -74. Let n be 6/w - (-13)/(-5). What is the units digit of 3/1 + 5 + n?
5
Let z be (2 - -8)*2/4. Suppose -5*k + z*j = -10, 1 = -4*k + 3*k + 4*j. What is the units digit of 2/(-4) - k/(-2)?
1
Let s(q) be the third derivative of -q**5/60 + q**4/4 - q**3/2 - 9*q**2. What is the units digit of s(5)?
2
Suppose 3*g - 7*g = -232. What is the tens digit of g?
5
Let m be 7/(2 + (1 - 2)). Let t be ((16/(-20))/4)/((-2)/10). Let o = m + t. What is the units digit of o?
8
Suppose 2*r + 3*o = -3*r - 25, 5*r + 5*o + 35 = 0. Let x = r + 1. Let c(a) = -12*a**3 + 2*a + 1. What is the tens digit of c(x)?
1
Let y(q) = -q**2 - 6*q - 5. Let g be y(-5). Suppose -3*f + 2*f + 9 = g. What is the units digit of f?
9
Let g(x) be the third derivative of x**5/20 + x**3/6 - 4*x**2. What is the tens digit of g(-3)?
2
Let o(u) = -u**3 - 3*u**2 - 3*u - 5. What is the units digit of o(-4)?
3
Suppose -2*w + 2*l = -7*w + 19, 3*l + 34 = 5*w. Let c = 6 - 3. Suppose -45 = -5*v - 5*f + f, -45 = -w*v + c*f. What is the units digit of v?
9
Let o = 14 + -12. Suppose 0 = -2*x + 3*m + 57, -109 = -4*x + o*m + 3*m. What is the tens digit of x?
2
Suppose -b + 2*q - 4 = 0, 3*b + 4*q - 6 = 6*b. Suppose b*m - 23 = -73. Let g = -14 - m. What is the tens digit of g?
1
Let m(o) = 18*o - 4. What is the units digit of m(4)?
8
Let u be (-31)/(-4) + (-3)/(-12). Suppose 3*y - u = -y. Suppose 0 = -y*t - 5 + 19. What is the units digit of t?
7
Suppose 4*z + z = 0. Let h(y) = y + 9. What is the units digit of h(z)?
9
Suppose 0 = 4*t + y - 150, 3*y - 7*y + 193 = 5*t. What is the units digit of t?
7
Let o(g) = -2*g**3 + g**2 + 2*g + 1. Suppose 0 = 2*z - 7*z - 5. Let x be o(z). What is the units digit of (x - (-10)/(-4))*-18?
9
Let s(m) = -15*m**3 - 19*m - 19. Let g(q) = -7*q**3 - 9*q - 9. Let f(r) = 13*g(r) - 6*s(r). What is the tens digit of f(-2)?
1
Suppose 3*m - 832 = -5*s, -4*s - 1372 = -5*m - 47. What is the units digit of m?
9
Let x(p) = p**2 + 7*p + 10. Let i be x(-6). Let w = i - -23. What is the tens digit of w?
2
Let u = -22 - -30. Let r(z) = -2*z**3 - z**2 + 1. Let x be r(1). Let c = x + u. What is the units digit of c?
6
Suppose -5*m - 1 = -16. Let y = 3 - m. Suppose k + 2*k - 18 = y. What is the units digit of k?
6
Suppose 22 = -4*k - 2*z, 0 = -4*k + 2*k + 4*z - 16. Let a(m) = -m**3 + m**2 + m + 2. Let f be a(-2). Let l = f + k. What is the units digit of l?
6
Let x be 1/(-3) + (-49)/(-3). Suppose 3*g + x = 4*n, 2*n + 3*n = g + 20. Suppose -n*h - 5*q = -0*q - 21, -3*h + 5*q + 7 = 0. What is the units digit of h?
4
Suppose -3*f + 3 + 54 = 0. What is the tens digit of f?
1
Suppose 459 = 3*t + 9. Suppose -5*n + t = 5*w, -4*w - 1 = n - 22. What is the units digit of n?
3
Let o(v) = -2*v + 13. Let y(d) = d - 7. Let z(c) = -6*o(c) - 11*y(c). What is the units digit of z(6)?
5
Let a(k) = k**3 - 7*k**2 + 6*k - 1. Let o be a(6). Let x = 1 - o. What is the units digit of x?
2
Suppose 4*x - 62 - 22 = 0. What is the tens digit of x?
2
Suppose 4*q = -5*u + 983, 3*u + 1222 = 5*q + 7*u. Suppose -5*v = -2*z + z + 60, -4*v = 5*z - q. Suppose -2*c = -z + 14. What is the units digit of c?
8
Let y(a) = 2*a - 6. Let t be y(4). Suppose -12 - 9 = -3*g + 3*n, -4*n + t = g. What is the units digit of g?
6
Suppose -3*n = -2*z - 0*n + 34, -n = 2*z - 26. What is the tens digit of z?
1
Let l(v) = v. Let j be l(-6). Let g = j - 0. What is the units digit of (36/(-8))/(g/16)?
2
Suppose 17 + 13 = -3*p. What is the tens digit of (0 - -62)/(p/(-5))?
3
Suppose 2*u - 4*u - 5*s = 26, 0 = 3*u - 2*s + 1. Let g = u - -1. What is the units digit of 4 - ((-1)/(-1) + g)?
5
What is the units digit of -1 - (-3)/((-12)/(-20))?
4
Suppose -3*k = -2*m + 11, m + 2*k + 0 + 5 = 0. Suppose m = -3*s - 2. What is the units digit of 27*(s + 5/3)?
8
What is the units digit of (-1 - -3) + 744/8?
5
Let t be (-6 + -2 + 0)/(-2). Let m(h) = -t*h + 2*h - h + 6. What is the tens digit of m(-5)?
2
Let d(f) = f**3 + 4*f**2 + 2*f - 1. Let q be d(-3). Let i = 0 - q. What is the units digit of (-6)/(-4) - i/(-4)?
1
Let n(m) = -2*m - 10. Let x be n(-10). Suppose -3*z - 2*z = 3*a - 33, 2*z - x = 2*a. Suppose -5*s + 1 = -5*g - 14, 5*s + 4*g = z. What is the units digit of s?
2
Let u(z) = -z + 16. What is the tens digit of u(-12)?
2
Let n(y) = -y**3 + 3*y**2 + 2*y - 4. Let s be n(3). Let u(v) = 3*v + 3*v**3 + s*v**2 + 3*v - 7*v. What is the units digit of u(1)?
4
Suppose -3*k + 2*i + 254 = 0, -3*i = -4*i + 2. What is the tens digit of k?
8
Let r = -51 + 220. What is the hundreds digit of r?
1
Let p = -43 + 60. What is the units digit of p?
7
Let k be (1 + (-1 - 0))/(-2). Let b(m) = 3*m + 5. Let q(v) = -7*v - 11. Let w(u) = 5*b(u) + 2*q(u). What is the units digit of w(k)?
3
Let s(z) = 2*z**3 - 2*z**2 - z - 2. Let j be s(2). Let d(l) be the first derivative of 3*l**2/2 + 3*l + 1. What is the tens digit of d(j)?
1
Let f be 71/(-4) + (-15)/(-20). Let i = 34 + f. What is the tens digit of i?
1
Suppose -5*d + 20 = -80. Let x = d + -4. What is the units digit of x?
6
Suppose -4*o + 13*o - 126 = 0. What is the units digit of o?
4
Suppose -70 = -y + t + t, y - 4*t - 62 = 0. What is the tens digit of y?
7
Let r(k) = -k**3 - k**2 - 4*k + 9. What is the hundreds digit of r(-7)?
3
Suppose 984 = 4*j + 2*x, 0 = j + 2*j - x - 738. What is the hundreds digit of j?
2
Let k(n) = -14*n**3 - 2*n**2 - n. Let i(v) = -v**2 - 12*v - 11. Let b be i(-10). Let r = b - 10. What is the units digit of k(r)?
3
Suppose -o + 59 = 2*f - 3*f, 4*o = -3*f + 222. What is the units digit of o?
7
Suppose 4*x + 2 - 3 = -3*r, 3*r = -3*x + 6. Suppose r*v - 2*v = 5. What is the units digit of (v - 0)/(6/42)?
7
Suppose -v + 0 + 13 = 0. What is the tens digit of v?
1
Suppose 2*w + 12 = -4*i, -w = -0*i + 4*i + 14. Suppose -w = g - 6. What is the units digit of g?
4
Suppose 67*b - 295 = 62*b. What is the tens digit of b?
5
Suppose 3*r + 5 = 50. What is the tens digit of r?
1
Let d(i) = 2*i - 8. Let y be d(9). Suppose -5*f - y + 80 = 0. What is the tens digit of f?
1
Suppose -5*v - 566 = -3*z, -v = 4*z - 1129 + 336. What is the tens digit of z?
9
Let k = -7 + 4. Let v be (k + 1)/((-1)/2). Suppose v*o - 39 = 5. What is the units digit of o?
1
Let z(p) = -193*p**3 - p**2 - 4*p - 3. What is the units digit of z(-1)?
3
Let m(g) = g + 3. Let l be m(-3). Suppose l*a = 4*a + 2*v - 50, 2*v = 2*a - 28. What is the units digit of a?
3
Let z = 11 + -4. Suppose 0 = -k + 5, o = -4*k - z + 30. What is the units digit of o?
3
Let j(o) = -o**2 + 3*o - 2. Let g be j(2). Suppose 2*z - 3 + 1 = g. What is the units digit of z?
1
Let v(c) = 7*c + c**2 - 3*c + c**2 + 2. What is the units digit of v(-2)?
2
Let j = 1 + 3. Suppose -3*c + 5*g = -16, -g = -j*c + 2*g + 36. What is the units digit of c?
2
Let a(m) = -40*m - 2. What is the tens digit of a(-1)?
3
Let f(h) = -h**3 - 6*h**2 + 5*h + 1. Let d be f(-6). Let t = -21 - d. Suppose -5*o + t = -17. What is the units digit of o?
5
Let v(k) = k**2 + 6*k + 1. Let q be -2 - (-2 - -4)*2. Let a be v(q). Suppose -m + z = 2*z - a, -5*m + 3*z + 21 = 0. What is the units digit of m?
3
Let t(r) be the first derivative of r**2/2 - r + 2. What is the units digit of t(11)?
0
Let g(p) = p**3 + 16*p**2 + 6*p - 33. What is the hundreds digit of g(-15)?
1
Let n(x) = -x + 45. What is the units digit of n(0)?
5
Suppose 4*o - 16 = 8. Suppose -4*f 